{"id":1164,"date":"2016-10-23T19:12:37","date_gmt":"2016-10-23T17:12:37","guid":{"rendered":"http:\/\/www.lippe-grundschule.de\/?page_id=1164"},"modified":"2017-02-09T11:06:09","modified_gmt":"2017-02-09T10:06:09","slug":"professionalitaet-der-lehrkraefte","status":"publish","type":"page","link":"http:\/\/www.lippe-grundschule.de\/?page_id=1164","title":{"rendered":"5. Professionalit\u00e4t der Lehrkr\u00e4fte"},"content":{"rendered":"<p>Im Schuljahr 2016-2017 wird das Schulprogramm neu strukturiert. Die Ergebnisse, die dem Bereich &#8222;Professionalit\u00e4t der Lehrkr\u00e4fte&#8220; zuzuordnen sind, werden an dieser Stelle ver\u00f6ffentlicht.<\/p>\n<p><a href=\"http:\/\/www.lippe-grundschule.de\/wp-content\/uploads\/2016\/10\/5.2.-Fortbildungsplanung.pdf\" target=\"_blank\">5.2. Fortbildungsplanung<\/a><\/p>\n<p>&nbsp;<\/p>\n","protected":false},"excerpt":{"rendered":"<p>Im Schuljahr 2016-2017 wird das Schulprogramm neu strukturiert. Die Ergebnisse, die dem Bereich &#8222;Professionalit\u00e4t der Lehrkr\u00e4fte&#8220; zuzuordnen sind, werden an dieser Stelle ver\u00f6ffentlicht. 5.2. Fortbildungsplanung &nbsp;<\/p>\n","protected":false},"author":1,"featured_media":0,"parent":890,"menu_order":5,"comment_status":"closed","ping_status":"closed","template":"","meta":{"footnotes":""},"class_list":["post-1164","page","type-page","status-publish","hentry"],"_links":{"self":[{"href":"http:\/\/www.lippe-grundschule.de\/index.php?rest_route=\/wp\/v2\/pages\/1164","targetHints":{"allow":["GET"]}}],"collection":[{"href":"http:\/\/www.lippe-grundschule.de\/index.php?rest_route=\/wp\/v2\/pages"}],"about":[{"href":"http:\/\/www.lippe-grundschule.de\/index.php?rest_route=\/wp\/v2\/types\/page"}],"author":[{"embeddable":true,"href":"http:\/\/www.lippe-grundschule.de\/index.php?rest_route=\/wp\/v2\/users\/1"}],"replies":[{"embeddable":true,"href":"http:\/\/www.lippe-grundschule.de\/index.php?rest_route=%2Fwp%2Fv2%2Fcomments&post=1164"}],"version-history":[{"count":5,"href":"http:\/\/www.lippe-grundschule.de\/index.php?rest_route=\/wp\/v2\/pages\/1164\/revisions"}],"predecessor-version":[{"id":1761,"href":"http:\/\/www.lippe-grundschule.de\/index.php?rest_route=\/wp\/v2\/pages\/1164\/revisions\/1761"}],"up":[{"embeddable":true,"href":"http:\/\/www.lippe-grundschule.de\/index.php?rest_route=\/wp\/v2\/pages\/890"}],"wp:attachment":[{"href":"http:\/\/www.lippe-grundschule.de\/index.php?rest_route=%2Fwp%2Fv2%2Fmedia&parent=1164"}],"curies":[{"name":"wp","href":"https:\/\/api.w.org\/{rel}","templated":true}]}}

5. Professionalität der Lehrkräfte

<p>Im Schuljahr 2016-2017 wird das Schulprogramm neu strukturiert. Die Ergebnisse, die dem Bereich &#8222;Professionalität der Lehrkräfte&#8220; zuzuordnen sind, werden an dieser Stelle veröffentlicht.</p>
<p><a href="http://www.lippe-grundschule.de/wp-content/uploads/2016/10/5.2.-Fortbildungsplanung.pdf" target="_blank">5.2. Fortbildungsplanung</a></p>
<p>&nbsp;</p>

<p>Im Schuljahr 2016-2017 wird das Schulprogramm neu strukturiert. Die Ergebnisse, die dem Bereich &#8222;Professionalität der Lehrkräfte&#8220; zuzuordnen sind, werden an dieser Stelle veröffentlicht. 5.2. Fortbildungsplanung &nbsp;</p>
