{"id":1988,"date":"2017-03-14T20:29:04","date_gmt":"2017-03-14T19:29:04","guid":{"rendered":"http:\/\/www.lippe-grundschule.de\/?page_id=1988"},"modified":"2025-05-22T14:03:17","modified_gmt":"2025-05-22T12:03:17","slug":"krankmeldung-neu","status":"publish","type":"page","link":"http:\/\/www.lippe-grundschule.de\/?page_id=1988","title":{"rendered":"Krankmeldung"},"content":{"rendered":"<p>Liebe Eltern,<br \/>\nwenn Ihr Kind krank geworden ist oder es aus anderen Gr\u00fcnden nicht zur Schule kommen kann, melden Sie das bitte im Sekretariat mit Angabe des Namens und der Klasse m\u00f6glichst bis sp\u00e4testens 8:15 Uhr.<br \/>\nAb 2. Juni 2025 k\u00f6nnen Sie das \u00fcber den \u201eSchulmanager-Online\u201c tun, wenn Sie einen Zugangscode besitzen. Andernfalls ist das Sekretariat unter +49 5250 7670 zu erreichen (siehe <a href=\"http:\/\/www.lippe-grundschule.de\/?page_id=57\">Sekretariat<\/a><img loading=\"lazy\" decoding=\"async\" class=\"size-full wp-image-2387 alignright\" src=\"http:\/\/www.lippe-grundschule.de\/wp-content\/uploads\/2017\/03\/krank4-Mobile.jpg\" alt=\"\" width=\"320\" height=\"240\" srcset=\"http:\/\/www.lippe-grundschule.de\/wp-content\/uploads\/2017\/03\/krank4-Mobile.jpg 320w, http:\/\/www.lippe-grundschule.de\/wp-content\/uploads\/2017\/03\/krank4-Mobile-150x113.jpg 150w, http:\/\/www.lippe-grundschule.de\/wp-content\/uploads\/2017\/03\/krank4-Mobile-300x225.jpg 300w\" sizes=\"auto, (max-width: 320px) 100vw, 320px\" \/>)<br \/>\nSie k\u00f6nnen auch eine Nachricht auf dem Anrufbeantworter hinterlassen oder eine E-mail an\u00a0\u00a0<a href=\"mailto:lippe-grundschule@stadt-delbrueck.de\">lippe-grundschule@delbrueck.de<\/a> senden.<\/p>\n","protected":false},"excerpt":{"rendered":"<p>Liebe Eltern, wenn Ihr Kind krank geworden ist oder es aus anderen Gr\u00fcnden nicht zur Schule kommen kann, melden Sie das bitte im Sekretariat mit Angabe des Namens und der Klasse m\u00f6glichst bis sp\u00e4testens 8:15 Uhr. Ab 2. Juni 2025 k\u00f6nnen Sie das \u00fcber den \u201eSchulmanager-Online\u201c tun, wenn Sie einen Zugangscode besitzen. Andernfalls ist das [&hellip;]<\/p>\n","protected":false},"author":1,"featured_media":0,"parent":2,"menu_order":0,"comment_status":"closed","ping_status":"closed","template":"","meta":{"footnotes":""},"class_list":["post-1988","page","type-page","status-publish","hentry"],"_links":{"self":[{"href":"http:\/\/www.lippe-grundschule.de\/index.php?rest_route=\/wp\/v2\/pages\/1988","targetHints":{"allow":["GET"]}}],"collection":[{"href":"http:\/\/www.lippe-grundschule.de\/index.php?rest_route=\/wp\/v2\/pages"}],"about":[{"href":"http:\/\/www.lippe-grundschule.de\/index.php?rest_route=\/wp\/v2\/types\/page"}],"author":[{"embeddable":true,"href":"http:\/\/www.lippe-grundschule.de\/index.php?rest_route=\/wp\/v2\/users\/1"}],"replies":[{"embeddable":true,"href":"http:\/\/www.lippe-grundschule.de\/index.php?rest_route=%2Fwp%2Fv2%2Fcomments&post=1988"}],"version-history":[{"count":18,"href":"http:\/\/www.lippe-grundschule.de\/index.php?rest_route=\/wp\/v2\/pages\/1988\/revisions"}],"predecessor-version":[{"id":6012,"href":"http:\/\/www.lippe-grundschule.de\/index.php?rest_route=\/wp\/v2\/pages\/1988\/revisions\/6012"}],"up":[{"embeddable":true,"href":"http:\/\/www.lippe-grundschule.de\/index.php?rest_route=\/wp\/v2\/pages\/2"}],"wp:attachment":[{"href":"http:\/\/www.lippe-grundschule.de\/index.php?rest_route=%2Fwp%2Fv2%2Fmedia&parent=1988"}],"curies":[{"name":"wp","href":"https:\/\/api.w.org\/{rel}","templated":true}]}}