{"id":20,"date":"2016-05-09T17:53:06","date_gmt":"2016-05-09T15:53:06","guid":{"rendered":"http:\/\/www.lippe-grundschule.de\/?page_id=20"},"modified":"2023-01-19T15:39:28","modified_gmt":"2023-01-19T14:39:28","slug":"foerderverein","status":"publish","type":"page","link":"http:\/\/www.lippe-grundschule.de\/?page_id=20","title":{"rendered":"F\u00f6rderverein"},"content":{"rendered":"<p><a href=\"http:\/\/www.lippe-grundschule.de\/wp-content\/uploads\/2019\/07\/Beitrittserkl%C3%A4rung_SEPA_DSGVO_2019_20190708181258.pdf\" target=\"_blank\" rel=\"noopener noreferrer\">Beitrittserkl\u00e4rung <\/a><\/p>\n<p><strong>F\u00f6rderverein der Grundschule Boke<\/strong><\/p>\n<p>Der F\u00f6rderverein unterst\u00fctzt bereits <strong>seit 1994<\/strong> die optimale F\u00f6rderung unserer Kinder<br \/>\n&#8211; durch Zusch\u00fcsse zu vielf\u00e4ltigen Aktivit\u00e4ten<br \/>\n&#8211; durch die Finanzierung zus\u00e4tzlicher Materialien.<\/p>\n<p>Durch die Hilfe des F\u00f6rdervereins konnten in der Vergangenheit z.B. folgende Dinge angeschafft bzw. mitfinanziert werden:<br \/>\n&#8211; verschiedene Pausenspielger\u00e4te<br \/>\n&#8211; B\u00fccher f\u00fcr die Schulbibliothek<br \/>\n&#8211; Musikinstrumente<br \/>\n&#8211; Kunstmaterial<br \/>\n&#8211; Lernmaterialien.<\/p>\n<p>Bei den folgenden Projekten konnten aus den Mitteln des F\u00f6rdervereins Zusch\u00fcsse gezahlt werden:<br \/>\n&#8211; Mitmachzirkus<br \/>\n&#8211; Trommelzauber<br \/>\n&#8211; Theaterp\u00e4dagogische Werkstatt<br \/>\n&#8211; Startgelder f\u00fcr Wettbewerbe (z.B. K\u00e4nguru-Wettbewerb)<br \/>\n&#8211; Autorenlesungen.<\/p>\n<p>Der F\u00f6rderverein finanziert sich ausschlie\u00dflich aus Spenden und Mitgliedsbeitr\u00e4gen. Schon ab 6,00 \u20ac j\u00e4hrlich k\u00f6nnen Sie Mitglied werden und unsere Arbeit f\u00fcr die Kinder unterst\u00fctzen. Ihre Gelder kommen zu 100 Prozent bei den Kindern an, da der Vorstand ehrenamtlich arbeitet und daher keine Verwaltungsgeb\u00fchren o.\u00e4. anfallen.<\/p>\n<p>Ihre Spenden und Mitgliedsbeitr\u00e4ge sind steuerlich absetzbar, da der F\u00f6rderverein als gemeinn\u00fctzig anerkannt ist.<\/p>\n<p>F\u00fcr R\u00fcckfragen oder Anregungen steht Ihnen der Vorstand gern zur Verf\u00fcgung.<\/p>\n","protected":false},"excerpt":{"rendered":"<p>Beitrittserkl\u00e4rung F\u00f6rderverein der Grundschule Boke Der F\u00f6rderverein unterst\u00fctzt bereits seit 1994 die optimale F\u00f6rderung unserer Kinder &#8211; durch Zusch\u00fcsse zu vielf\u00e4ltigen Aktivit\u00e4ten &#8211; durch die Finanzierung zus\u00e4tzlicher Materialien. Durch die Hilfe des F\u00f6rdervereins konnten in der Vergangenheit z.B. folgende Dinge angeschafft bzw. mitfinanziert werden: &#8211; verschiedene Pausenspielger\u00e4te &#8211; B\u00fccher f\u00fcr die Schulbibliothek &#8211; Musikinstrumente &#8211; [&hellip;]<\/p>\n","protected":false},"author":1,"featured_media":0,"parent":0,"menu_order":0,"comment_status":"closed","ping_status":"closed","template":"page-templates\/full-width.php","meta":{"footnotes":""},"class_list":["post-20","page","type-page","status-publish","hentry"],"_links":{"self":[{"href":"http:\/\/www.lippe-grundschule.de\/index.php?rest_route=\/wp\/v2\/pages\/20","targetHints":{"allow":["GET"]}}],"collection":[{"href":"http:\/\/www.lippe-grundschule.de\/index.php?rest_route=\/wp\/v2\/pages"}],"about":[{"href":"http:\/\/www.lippe-grundschule.de\/index.php?rest_route=\/wp\/v2\/types\/page"}],"author":[{"embeddable":true,"href":"http:\/\/www.lippe-grundschule.de\/index.php?rest_route=\/wp\/v2\/users\/1"}],"replies":[{"embeddable":true,"href":"http:\/\/www.lippe-grundschule.de\/index.php?rest_route=%2Fwp%2Fv2%2Fcomments&post=20"}],"version-history":[{"count":7,"href":"http:\/\/www.lippe-grundschule.de\/index.php?rest_route=\/wp\/v2\/pages\/20\/revisions"}],"predecessor-version":[{"id":5445,"href":"http:\/\/www.lippe-grundschule.de\/index.php?rest_route=\/wp\/v2\/pages\/20\/revisions\/5445"}],"wp:attachment":[{"href":"http:\/\/www.lippe-grundschule.de\/index.php?rest_route=%2Fwp%2Fv2%2Fmedia&parent=20"}],"curies":[{"name":"wp","href":"https:\/\/api.w.org\/{rel}","templated":true}]}}