{"id":39,"date":"2016-05-10T16:46:16","date_gmt":"2016-05-10T14:46:16","guid":{"rendered":"http:\/\/www.lippe-grundschule.de\/?page_id=39"},"modified":"2026-02-17T18:05:52","modified_gmt":"2026-02-17T17:05:52","slug":"kollegium","status":"publish","type":"page","link":"http:\/\/www.lippe-grundschule.de\/?page_id=39","title":{"rendered":"Kollegium"},"content":{"rendered":"\n<p><span style=\"font-size: medium;\">Das Kollegium besteht zur Zeit aus 12 Lehrerinnen und Lehrern, einer Lehramtsanw\u00e4rterin, einem Lehramtsanw\u00e4rter, einer Sozialp\u00e4dagogin und einem Sozialarbeiter sowie der stellvertretenden Schulleiterin Frau Degner und der Schulleiterin Frau Steppuhn. Ebenfalls\u00a0auf dem Bild ist unsere Sekret\u00e4rin Frau Beringmeier.<\/span><\/p>\n\n\n\n<figure class=\"wp-block-image size-full\"><img loading=\"lazy\" decoding=\"async\" width=\"882\" height=\"494\" src=\"http:\/\/www.lippe-grundschule.de\/wp-content\/uploads\/2025\/09\/Kollegium-Boke-2025-2.jpg\" alt=\"\" class=\"wp-image-6048\" srcset=\"http:\/\/www.lippe-grundschule.de\/wp-content\/uploads\/2025\/09\/Kollegium-Boke-2025-2.jpg 882w, http:\/\/www.lippe-grundschule.de\/wp-content\/uploads\/2025\/09\/Kollegium-Boke-2025-2-300x168.jpg 300w, http:\/\/www.lippe-grundschule.de\/wp-content\/uploads\/2025\/09\/Kollegium-Boke-2025-2-150x84.jpg 150w, http:\/\/www.lippe-grundschule.de\/wp-content\/uploads\/2025\/09\/Kollegium-Boke-2025-2-624x349.jpg 624w\" sizes=\"auto, (max-width: 882px) 100vw, 882px\" \/><\/figure>\n\n\n\n<p>Das Foto entstand im August 2025.<\/p>\n","protected":false},"excerpt":{"rendered":"<p>Das Kollegium besteht zur Zeit aus 12 Lehrerinnen und Lehrern, einer Lehramtsanw\u00e4rterin, einem Lehramtsanw\u00e4rter, einer Sozialp\u00e4dagogin und einem Sozialarbeiter sowie der stellvertretenden Schulleiterin Frau Degner und der Schulleiterin Frau Steppuhn. Ebenfalls\u00a0auf dem Bild ist unsere Sekret\u00e4rin Frau Beringmeier. Das Foto entstand im August 2025.<\/p>\n","protected":false},"author":1,"featured_media":0,"parent":37,"menu_order":0,"comment_status":"closed","ping_status":"closed","template":"page-templates\/full-width.php","meta":{"footnotes":""},"class_list":["post-39","page","type-page","status-publish","hentry"],"_links":{"self":[{"href":"http:\/\/www.lippe-grundschule.de\/index.php?rest_route=\/wp\/v2\/pages\/39","targetHints":{"allow":["GET"]}}],"collection":[{"href":"http:\/\/www.lippe-grundschule.de\/index.php?rest_route=\/wp\/v2\/pages"}],"about":[{"href":"http:\/\/www.lippe-grundschule.de\/index.php?rest_route=\/wp\/v2\/types\/page"}],"author":[{"embeddable":true,"href":"http:\/\/www.lippe-grundschule.de\/index.php?rest_route=\/wp\/v2\/users\/1"}],"replies":[{"embeddable":true,"href":"http:\/\/www.lippe-grundschule.de\/index.php?rest_route=%2Fwp%2Fv2%2Fcomments&post=39"}],"version-history":[{"count":25,"href":"http:\/\/www.lippe-grundschule.de\/index.php?rest_route=\/wp\/v2\/pages\/39\/revisions"}],"predecessor-version":[{"id":6111,"href":"http:\/\/www.lippe-grundschule.de\/index.php?rest_route=\/wp\/v2\/pages\/39\/revisions\/6111"}],"up":[{"embeddable":true,"href":"http:\/\/www.lippe-grundschule.de\/index.php?rest_route=\/wp\/v2\/pages\/37"}],"wp:attachment":[{"href":"http:\/\/www.lippe-grundschule.de\/index.php?rest_route=%2Fwp%2Fv2%2Fmedia&parent=39"}],"curies":[{"name":"wp","href":"https:\/\/api.w.org\/{rel}","templated":true}]}}