{"id":65,"date":"2016-05-10T22:31:20","date_gmt":"2016-05-10T20:31:20","guid":{"rendered":"http:\/\/www.lippe-grundschule.de\/?page_id=65"},"modified":"2026-01-19T12:48:32","modified_gmt":"2026-01-19T11:48:32","slug":"unsere-klassen","status":"publish","type":"page","link":"http:\/\/www.lippe-grundschule.de\/?page_id=65","title":{"rendered":"Unsere Klassen"},"content":{"rendered":"\n<p class=\"has-medium-font-size\">im Schuljahr 2025 &#8211; 2026<\/p>\n\n\n\n<p class=\"has-medium-font-size\"><strong>Klasse&nbsp;&nbsp;&nbsp;&nbsp;&nbsp;&nbsp;&nbsp;&nbsp;&nbsp;&nbsp;&nbsp;&nbsp; Klassenlehrer \/ -in<\/strong><\/p>\n\n\n\n<p class=\"has-medium-font-size\">Klasse 1a \u00a0 \u00a0 \u00a0\u00a0Elisabeth L\u00fcke-Lohmann<br>Klasse 1b \u00a0 \u00a0 \u00a0\u00a0Irmgard Theisen<br>Klasse 1c        Uta Schonlau-Gees<\/p>\n\n\n\n<p class=\"has-medium-font-size\">Klasse 2a &nbsp; &nbsp; &nbsp; Manuela Timmermann<br>Klasse 2b &nbsp; &nbsp; &nbsp; Melanie Gierse-Plogmeier<\/p>\n\n\n\n<p class=\"has-medium-font-size\">Klasse 3a \u00a0 \u00a0 \u00a0 Uta Gerkmann<br>Klasse 3b\u00a0 \u00a0 \u00a0 \u00a0Christiane Killian-Neumann<br>Klasse 3c        Martina Panke<\/p>\n\n\n\n<p class=\"has-medium-font-size\">Klasse 4a &nbsp; &nbsp; &nbsp; Kornelia Baumeister<br>Klasse 4b&nbsp; &nbsp; &nbsp; &nbsp;Daniel Dierkes<\/p>\n\n\n\n<p class=\"has-medium-font-size\">Als Fachlehrer*innen unterrichten Cornelia Steppuhn, Andrea Degner, Kristin Lohse und Irmgard Tegethoff-Stark. Die Lehramtsanw\u00e4rterin Pia Altmiks sowie der Lehramtsanw\u00e4rter Tobias Sterzer unterrichten ebenfalls in mehreren Klassen. Weiterhin arbeiten die Sozialp\u00e4dagogin Annemarie Frost und der Sozialarbeiter Gerald Heinroth in unserem Team.<\/p>\n\n\n\n<p><\/p>\n","protected":false},"excerpt":{"rendered":"<p>im Schuljahr 2025 &#8211; 2026 Klasse&nbsp;&nbsp;&nbsp;&nbsp;&nbsp;&nbsp;&nbsp;&nbsp;&nbsp;&nbsp;&nbsp;&nbsp; Klassenlehrer \/ -in Klasse 1a \u00a0 \u00a0 \u00a0\u00a0Elisabeth L\u00fcke-LohmannKlasse 1b \u00a0 \u00a0 \u00a0\u00a0Irmgard TheisenKlasse 1c Uta Schonlau-Gees Klasse 2a &nbsp; &nbsp; &nbsp; Manuela TimmermannKlasse 2b &nbsp; &nbsp; &nbsp; Melanie Gierse-Plogmeier Klasse 3a \u00a0 \u00a0 \u00a0 Uta GerkmannKlasse 3b\u00a0 \u00a0 \u00a0 \u00a0Christiane Killian-NeumannKlasse 3c Martina Panke Klasse 4a &nbsp; &nbsp; [&hellip;]<\/p>\n","protected":false},"author":1,"featured_media":0,"parent":37,"menu_order":3,"comment_status":"closed","ping_status":"closed","template":"","meta":{"footnotes":""},"class_list":["post-65","page","type-page","status-publish","hentry"],"_links":{"self":[{"href":"http:\/\/www.lippe-grundschule.de\/index.php?rest_route=\/wp\/v2\/pages\/65","targetHints":{"allow":["GET"]}}],"collection":[{"href":"http:\/\/www.lippe-grundschule.de\/index.php?rest_route=\/wp\/v2\/pages"}],"about":[{"href":"http:\/\/www.lippe-grundschule.de\/index.php?rest_route=\/wp\/v2\/types\/page"}],"author":[{"embeddable":true,"href":"http:\/\/www.lippe-grundschule.de\/index.php?rest_route=\/wp\/v2\/users\/1"}],"replies":[{"embeddable":true,"href":"http:\/\/www.lippe-grundschule.de\/index.php?rest_route=%2Fwp%2Fv2%2Fcomments&post=65"}],"version-history":[{"count":39,"href":"http:\/\/www.lippe-grundschule.de\/index.php?rest_route=\/wp\/v2\/pages\/65\/revisions"}],"predecessor-version":[{"id":6092,"href":"http:\/\/www.lippe-grundschule.de\/index.php?rest_route=\/wp\/v2\/pages\/65\/revisions\/6092"}],"up":[{"embeddable":true,"href":"http:\/\/www.lippe-grundschule.de\/index.php?rest_route=\/wp\/v2\/pages\/37"}],"wp:attachment":[{"href":"http:\/\/www.lippe-grundschule.de\/index.php?rest_route=%2Fwp%2Fv2%2Fmedia&parent=65"}],"curies":[{"name":"wp","href":"https:\/\/api.w.org\/{rel}","templated":true}]}}

<p class="has-medium-font-size">im Schuljahr 2025 &#8211; 2026</p>



<p class="has-medium-font-size"><strong>Klasse&nbsp;&nbsp;&nbsp;&nbsp;&nbsp;&nbsp;&nbsp;&nbsp;&nbsp;&nbsp;&nbsp;&nbsp; Klassenlehrer / -in</strong></p>



<p class="has-medium-font-size">Klasse 1a       Elisabeth Lüke-Lohmann<br>Klasse 1b       Irmgard Theisen<br>Klasse 1c        Uta Schonlau-Gees</p>



<p class="has-medium-font-size">Klasse 2a &nbsp; &nbsp; &nbsp; Manuela Timmermann<br>Klasse 2b &nbsp; &nbsp; &nbsp; Melanie Gierse-Plogmeier</p>



<p class="has-medium-font-size">Klasse 3a       Uta Gerkmann<br>Klasse 3b       Christiane Killian-Neumann<br>Klasse 3c        Martina Panke</p>



<p class="has-medium-font-size">Klasse 4a &nbsp; &nbsp; &nbsp; Kornelia Baumeister<br>Klasse 4b&nbsp; &nbsp; &nbsp; &nbsp;Daniel Dierkes</p>



<p class="has-medium-font-size">Als Fachlehrer*innen unterrichten Cornelia Steppuhn, Andrea Degner, Kristin Lohse und Irmgard Tegethoff-Stark. Die Lehramtsanwärterin Pia Altmiks sowie der Lehramtsanwärter Tobias Sterzer unterrichten ebenfalls in mehreren Klassen. Weiterhin arbeiten die Sozialpädagogin Annemarie Frost und der Sozialarbeiter Gerald Heinroth in unserem Team.</p>



<p></p>

<p>im Schuljahr 2025 &#8211; 2026 Klasse&nbsp;&nbsp;&nbsp;&nbsp;&nbsp;&nbsp;&nbsp;&nbsp;&nbsp;&nbsp;&nbsp;&nbsp; Klassenlehrer / -in Klasse 1a       Elisabeth Lüke-LohmannKlasse 1b       Irmgard TheisenKlasse 1c Uta Schonlau-Gees Klasse 2a &nbsp; &nbsp; &nbsp; Manuela TimmermannKlasse 2b &nbsp; &nbsp; &nbsp; Melanie Gierse-Plogmeier Klasse 3a       Uta GerkmannKlasse 3b       Christiane Killian-NeumannKlasse 3c Martina Panke Klasse 4a &nbsp; &nbsp; [&hellip;]</p>
